90183. What is a(15)?
7
Let m(t) = -3*t**3 + 104*t**2 - 70*t + 260. What is m(34)?
192
Let f(l) = -l**3 - 2*l**2 + 47*l - 4. What is f(-8)?
4
Let z(a) = 1204*a + 20565. What is z(-17)?
97
Let l(d) = 193*d**2 + 910*d - 1493. What is l(-6)?
-5
Let k(t) = -411*t**2 - 12741*t - 55. Calculate k(-31).
-55
Let y(v) = 87851*v - 1669174. What is y(19)?
-5
Let u(p) = -5*p**3 - 2064*p**2 + 300*p - 46665. Calculate u(-413).
4
Let s(m) = -4*m**3 + 37*m**2 - 105*m - 11. Calculate s(9).
-875
Let w(j) = j**3 - 14*j**2 + 10*j - 194. Calculate w(0).
-194
Let t(c) = -2*c**2 - 70*c + 963. What is t(24)?
-1869
Let w(k) = -1455*k + 126564. Determine w(87).
-21
Let l(s) = 254038*s - 12701906. Determine l(50).
-6
Let j(p) = -p**3 - 2*p**2 + 315*p - 625. Determine j(2).
-11
Let k(i) = -3*i**2 + 103*i - 746. Determine k(14).
108
Let c(p) = 3351*p - 740570. Determine c(221).
1
Let g(h) = 32539*h + 130376. Determine g(-4).
220
Let h(v) = -8*v**3 + 3*v**2 - 38*v + 106. What is h(3)?
-197
Let f(d) = -124644*d - 373929. Determine f(-3).
3
Let v(w) = w**2 - 22117*w - 3519443. What is v(-158)?
7
Let c(o) = -3736*o + 254042. Calculate c(68).
-6
Let h(n) = 271*n + 4118. Determine h(-13).
595
Let s(c) = 9*c**3 + 129*c**2 - 59*c - 649. What is s(-14)?
765
Let t(d) = -5606*d + 1171630. What is t(209)?
-24
Let v(b) = -b**2 + 59*b + 7764. Determine v(123).
-108
Let p(r) = 65*r**3 - 148*r**2 + 18*r + 4. Give p(3).
481
Let x(u) = -20939*u + 1151661. Give x(55).
16
Let c(h) = -h**2 - 15910*h - 95370. Determine c(-6).
54
Let a(m) = -m**2 - 1948*m - 809587. Calculate a(-601).
-40
Let o(g) = 12486*g + 24656. Give o(-2).
-316
Let z(q) = -8*q**2 - 304*q + 168. Give z(-42).
-1176
Let a(g) = -6*g**2 - 6275*g - 656087. Determine a(-928).
9
Let s(o) = -o**3 - 98486*o**2 - 689354*o - 10. What is s(-7)?
-3
Let t(s) = -452*s - 5147. Give t(-9).
-1079
Let o(q) = -735*q**3 + 6*q**2 + q - 1. Determine o(1).
-729
Let d(s) = -s**3 - 592*s**2 + 7236*s + 244. What is d(12)?
100
Let j(v) = v**3 + 6*v**2 - 44*v + 18. Determine j(4).
2
Let f(q) = 264877*q + 17217015. Give f(-65).
10
Let j(x) = -48*x**2 - 555*x - 1239. What is j(-3)?
-6
Let x(y) = 84*y**2 + 191*y - 279. Determine x(1).
-4
Let j(k) = -78*k**3 - 88*k**2 - 113*k + 136. Give j(-2).
634
Let d(f) = -467*f - 37859. Determine d(-81).
-32
Let d(f) = -120*f - 8818. What is d(-82)?
1022
Let y(p) = p**2 - 973*p + 47908. What is y(52)?
16
Let m(v) = -91*v**2 - 24*v + 579. Determine m(-4).
-781
Let o(h) = 10*h**2 + 1585*h - 1924. What is o(-158)?
-2714
Let w(t) = 6*t**3 + 460*t**2 + 1124*t + 98399. Calculate w(-77).
-7
Let d(u) = 2*u**3 + 265*u**2 - 1803*u - 137. Give d(-139).
-693
Let n(q) = 273*q - 25274. Give n(93).
115
Let s(u) = -6245*u - 237317. Determine s(-38).
-7
Let n(o) = o**3 + 1181*o**2 - 4226*o - 798011. Calculate n(-1184).
5
Let m(d) = -220*d**3 - 1105*d**2 - 20*d + 39. Calculate m(-5).
14
Let t(i) = -25*i**2 - 136*i - 847. Calculate t(-6).
-931
Let p(m) = -472*m**2 - 38*m + 35. Calculate p(1).
-475
Let g(u) = -3262*u + 117433. What is g(36)?
1
Let k(n) = 20*n - 407. What is k(20)?
-7
Let b(k) = 8*k**2 - 30987*k + 247449. Give b(8).
65
Let f(j) = -3558*j - 42190. Give f(-12).
506
Let g(m) = -775796*m - 38. Give g(0).
-38
Let d(k) = -719*k + 12732. What is d(20)?
-1648
Let z(v) = -19*v**3 - 20215*v**2 + 1076*v + 12772. Determine z(-1064).
4
Let j(a) = 292650*a - 292620. Give j(1).
30
Let r(j) = 90*j**2 + 5*j + 2. Determine r(-3).
797
Let h(w) = -8*w**3 + 159*w**2 + 193*w - 96. What is h(21)?
-12
Let f(g) = g**2 - 1596*g + 156558. Give f(105).
3
Let z(f) = -2*f**3 - 126*f**2 + 141*f + 922. Calculate z(-64).
90
Let b(f) = 2*f**3 - 184*f**2 + 679*f + 2306. Give b(88).
106
Let u(t) = t**2 + 137899*t - 3034240. Determine u(22).
22
Let z(g) = -g**2 - 224*g + 32416. Calculate z(-324).
16
Let o(y) = y**2 + 21022*y - 4780629. Give o(225).
-54
Let b(g) = -g**3 - 858*g**2 + 2574*g + 13. Determine b(3).
-14
Let l(w) = -3*w**3 - 70*w**2 + 127*w - 2137. Calculate l(-26).
-31
Let r(b) = -4*b - 206. What is r(-11)?
-162
Let c(t) = 4767*t + 495771. Calculate c(-104).
3
Let v(d) = -38306*d - 5592669. Give v(-146).
7
Let h(v) = 27720*v - 1441435. What is h(52)?
5
Let b(g) = -3451*g + 193242. Determine b(56).
-14
Let f(u) = 6*u**3 - 93*u**2 - 428*u + 4689. Determine f(17).
14
Let c(o) = -3*o**3 - 520*o**2 - 394*o - 38236. Calculate c(-173).
-3
Let s(d) = d**3 - 44*d**2 - 219*d - 3665. What is s(50)?
385
Let t(w) = -61*w**2 + 7237*w - 32256. What is t(114)?
6
Let j(p) = -12082*p + 374552. Give j(31).
10
Let t(s) = -9*s**2 + 2239*s - 10390. Determine t(244).
102
Let v(l) = l**3 - 182*l**2 - 663*l + 19877. Give v(185).
-103
Let u(z) = -2964*z - 2379. Determine u(-1).
585
Let w(v) = 42*v**3 + 881*v**2 - 27*v - 34. Calculate w(-21).
92
Let h(z) = -34*z**2 - 88*z + 251. What is h(3)?
-319
Let x(z) = 14*z**2 - 499*z - 4850. Determine x(-8).
38
Let y(k) = k**2 + 1715*k + 340810. Determine y(-230).
-740
Let s(i) = 8948*i - 44747. Determine s(5).
-7
Let w(k) = 666*k + 5677. What is w(-8)?
349
Let a(u) = -464*u**3 - 5566*u**2 + 3*u - 254. Give a(-12).
-2
Let y(l) = -787*l**2 - 13378*l + 37. What is y(-17)?
20
Let h(f) = f**3 + 211*f**2 - 4882*f - 2324. Determine h(-232).
-4
Let o(f) = -3180*f - 1100256. Determine o(-346).
24
Let w(j) = -11*j**3 - 60*j**2 - 268*j - 1166. Determine w(-5).
49
Let k(s) = -2*s + 143. Determine k(-26).
195
Let z(s) = -334777*s + 4352098. Calculate z(13).
-3
Let o(c) = -25063*c - 751865. What is o(-30)?
25
Let x(f) = -3*f**2 - 366*f - 12110. Calculate x(-48).
-1454
Let a(o) = 2*o**3 - 168*o**2 + 162*o + 599. Give a(83).
267
Let w(y) = y**3 + 170*y**2 - 488*y - 83314. Calculate w(-170).
-354
Let p(w) = -62771*w - 188529. Give p(-3).
-216
Let l(n) = -2*n**3 + 51*n**2 + 70*n - 548. What is l(25)?
1827
Let w(t) = -2*t**3 - 124*t**2 + 120*t - 1223. Calculate w(-63).
-845
Let m(u) = -u**3 - 29*u**2 - 44*u + 2175. What is m(-20)?
-545
Let d(v) = 1320*v + 67342. Calculate d(-51).
22
Let c(h) = -h**3 - 161*h**2 - 89*h - 67640. Determine c(-163).
5
Let l(p) = 71*p**2 - 6738*p - 682. What is l(95)?
-17
Let c(b) = 3*b**2 - 2236*b - 8950. Determine c(-4).
42
Let q(a) = a**3 - 19*a**2 - 1474*a - 111. Calculate q(-30).
9
Let h(v) = 6*v**2 - 43*v - 470. Calculate h(14).
104
Let p(l) = -3*l**2 + 115*l - 576. Calculate p(33).
-48
Let n(o) = -3129*o + 635170. Calculate n(203).
-17
Let p(w) = -1037*w + 19756. Give p(19).
53
Let g(s) = 5057*s - 40431. What is g(8)?
25
Let c(u) = 21*u**2 - 1427*u + 22930. What is c(26)?
24
Let y(w) = 5*w**2 - 1902*w + 76919. Give y(46).
7
Let m(i) = -9*i**3 - 396*i**2 - 75*i - 3497. Give m(-44).
-197
Let v(a) = a**2 - 555*a - 3365. What is v(-6)?
1
Let x(j) = j**3 - 11*j**2 + 441*j - 4825. Give x(11).
26
Let y(x) = 2*x**3 - 4*x**2 - 351*x + 714. Give y(2).
12
Let a(p) = 477*p + 72460. Calculate a(-152).
-44
Let l(u) = -431*u + 17724. What is l(41)?
53
Let x(y) = -7*y**2 + 63*y + 191. Give x(12).
-61
Let x(k) = -k**3 - 8*k**2 - 41*k + 25. Determine x(-9).
475
Let d(z) = -326279*z + 2936466. What is d(9)?
-45
Let k(v) = -196*v - 9856. Calculate k(-52).
336
Let m(l) = 4*l**2 - 328*l - 184. Give m(86).
1192
Let k(t) = t**3 + 210*t**2 - 880*t + 148. Give k(4).
52
Let p(f) = -2391*f + 313176. Give p(131).
-45
Let s(r) = 53*r**2 + 295*r + 73. What is s(-6)?
211
Let p(z) = z**2 + 5128*z + 1466495. Give p(-304).
-1
Let f(d) = 7661*d - 352463. Determine f(46).
-57
Let p(s) = -2*s**2 + 35*s + 1179. Determine p(-20).
-321
Let q(p) = -90*p**2 - 1770*p + 572. Determine q(-20).
-28
Let m(f) = 2*f**3 + 824*f**2 + 1590*f - 115. Give m(-2).
-15
Let q(s) = -s**3 - 6*s**2 + 10*s + 50. What is q(-7)?
29
Let y(n) = -n**3 + 40*n**2 + 46*n + 3334. What is y(43)?
-235
Let v(t) = 1127*t + 200552. Give v(-178).
-54
Let w(l) = 2*l**2 + 1219*l - 12389. Calculate w(10).
1
Let g(s) = 3*s**2 + 221*s + 2058. Give g(-11).
-10
Let d(f) = f**3 - 138*f**2 - 2313*f + 2759. Determine d(153).
5
Let i(d) = d**3 + 516*d**2 + 1020*d - 4198. What is i(-514)?
-86
Let j(k) = -5595*k - 1868942. Give j(-334).
-212
Let z(h) = -h**3 + 112*h**2 - 2605*h - 111. Give z(33).
-45
Let r(k) = 2570568*k - 15423413. What is r(6)?
-5
Let i(r) = -14*r**3 + 2618*r**2 - 5*r + 1005. What is i(187)?
70
Let d(u) = 221*u**2 + 3519*u - 277. Give d(-16).
-5
Let q(r) = -650*r - 2501. Determine q(-